{"id":14,"date":"2017-10-30T07:35:02","date_gmt":"2017-10-30T10:35:02","guid":{"rendered":"http:\/\/www.abrazpe.org.br\/novo\/?page_id=14"},"modified":"2023-05-24T23:54:13","modified_gmt":"2023-05-25T02:54:13","slug":"oprograma","status":"publish","type":"page","link":"https:\/\/www.abrazpe.org.br\/index.php\/oprograma\/","title":{"rendered":"O Programa"},"content":{"rendered":"<p class=\"estimated-read-time\">Tempo de leitura:<small> 6 minutos<\/small><\/p> <p><strong>Conceito<\/strong><\/p>\n<p class=\"s7\"><span class=\"s8\">As Zonas de Processamento de Exporta\u00e7\u00e3o (<\/span><span class=\"s8\">ZPEs<\/span><span class=\"s8\">) s\u00e3o distritos industriais incentivados, onde as empresas neles localizadas operam com suspens\u00e3o de tributos, liberdade cambial\u00a0(podem manter no exterior, permanentemente, as divisas obtidas nas exporta\u00e7\u00f5es) e procedimentos administrativos simplificados<\/span><span class=\"s8\">.<\/span><\/p>\n<p class=\"s7\"><span class=\"s8\">Quando as <\/span><span class=\"s8\">ZPEs<\/span><span class=\"s8\"> passaram a ser <\/span><span class=\"s8\">mais <\/span><span class=\"s8\">largamente utilizadas, <\/span><span class=\"s8\">sobretudo <\/span><span class=\"s8\">a partir da d\u00e9cada de 70 do s\u00e9culo passado, <\/span><span class=\"s8\">elas<\/span><span class=\"s8\"> se destinavam exclusivamente \u00e0 instala\u00e7\u00e3o de empresas industriais<\/span><span class=\"s8\">,<\/span><span class=\"s8\"> cuja produ\u00e7\u00e3o era destinada preponderantemente ao exterior.<\/span><span class=\"s8\">\u00a0Com o passar dos anos, os pa\u00edses foram se dando conta de que o potencial desenvolvimentista das <\/span><span class=\"s8\">ZPEs<\/span><span class=\"s8\"> aumentava substancialmente se (a) as vendas internas pudessem ser admitidas, desde que, evidentemente, fossem pagos todos os tributos incidentes nas importa\u00e7\u00f5es; e (<\/span><span class=\"s8\">b<\/span><span class=\"s8\">) <\/span><span class=\"s8\">diversos tipos de servi\u00e7os tamb\u00e9m pudessem se instalar nas <\/span><span class=\"s8\">ZPEs<\/span><span class=\"s8\">.<\/span><\/p>\n<p class=\"s7\"><span class=\"s8\">O novo marco legal das <\/span><span class=\"s8\">ZPEs<\/span><span class=\"s8\"> (a Lei 14.184\/2021) alinhou o Brasil aos mais de 150 pa\u00edses que j\u00e1 vem adotando esse instrumento como parte essencial de suas estrat\u00e9gias de desenvolvimento.<\/span><\/p>\n<p><strong>Objetivos<\/strong><\/p>\n<p class=\"s7\"><span class=\"s8\">As <\/span><span class=\"s8\">ZPEs<\/span><span class=\"s8\"> (e mecanismos similares) s\u00e3o o instrumento mais utilizado no mundo para promover, simultaneamente, os seguintes objetivos:<\/span><\/p>\n<p class=\"s7\"><span class=\"s8\">\u2022 Atrair investimentos estrangeiros voltados para as exporta\u00e7\u00f5es;<\/span><\/p>\n<p class=\"s7\"><span class=\"s8\">\u2022 Colocar as empresas nacionais em igualdade de condi\u00e7\u00f5es com seus concorrentes localizados em outros pa\u00edses, que disp\u00f5em de mecanismos semelhantes;<\/span><\/p>\n<p class=\"s7\"><span class=\"s8\">\u2022 Criar empregos;<\/span><\/p>\n<p class=\"s7\"><span class=\"s8\">\u2022 Aumentar o valor agregado das exporta\u00e7\u00f5es e fortalecer o balan\u00e7o de pagamentos;<\/span><\/p>\n<p class=\"s7\"><span class=\"s8\">\u2022 Difundir novas tecnologias e pr\u00e1ticas mais modernas de gest\u00e3o; e<\/span><\/p>\n<p class=\"s7\"><span class=\"s8\">\u2022 Corrigir desequil\u00edbrios regionais.<\/span><\/p>\n<p><strong>Incentivos<\/strong><\/p>\n<p class=\"s7\"><span class=\"s8\">As empresas instaladas nas <\/span><span class=\"s8\">ZPEs<\/span><span class=\"s8\"> gozam dos seguintes incentivos fiscais, cambiais e administrativos concedidos pelo Governo Federal (Lei 11.508\/2007, com as altera\u00e7\u00f5es introduzidas pelas Leis 11.732\/2008<\/span><span class=\"s8\">, <\/span><span class=\"s8\">12.767\/2012<\/span><span class=\"s8\"> e 14.184\/2021<\/span><span class=\"s8\">):<\/span><\/p>\n<p class=\"s7\"><span class=\"s8\">\u2022 Suspens\u00e3o de impostos e contribui\u00e7\u00f5es (Imposto de Importa\u00e7\u00e3o, IPI, PIS, COFINS, PIS-Importa\u00e7\u00e3o e COFINS-Importa\u00e7\u00e3o e Adicional ao Frete para Renova\u00e7\u00e3o da Marinha Mercante) nas aquisi\u00e7\u00f5es no mercado interno <\/span><span class=\"s8\">ou<\/span><span class=\"s8\"> nas importa\u00e7\u00f5es<\/span><span class=\"s8\">, tanto de insumos (mat\u00e9rias-primas, produtos intermedi\u00e1rios e materiais de embalagem), como bens de capital<\/span><span class=\"s8\"> (m\u00e1quinas, equipamentos, aparelhos e instrumentos)<\/span><span class=\"s8\">.\u00a0<\/span><span class=\"s8\">O incentivo se aplica a <\/span><span class=\"s8\">bens de capital<\/span> <span class=\"s8\">novos <\/span><span class=\"s8\">&#8211; <\/span><span class=\"s8\">e<\/span><span class=\"s8\">,<\/span><span class=\"s8\"> tamb\u00e9m<\/span><span class=\"s8\">,<\/span> <span class=\"s8\">usados<\/span><span class=\"s8\"> &#8211;<\/span><span class=\"s8\">, <\/span><span class=\"s8\">necess\u00e1rios \u00e0s atividades da empresa, para incorpora\u00e7\u00e3o ao <\/span><span class=\"s8\">seu <\/span><span class=\"s8\">ativo imobilizad<\/span><span class=\"s8\">o<\/span><span class=\"s8\">.<\/span><\/p>\n<p class=\"s7\"><span class=\"s8\">\u2022 <\/span><span class=\"s8\">As empresas s\u00e3o livres para vender a parcela que quiserem de sua produ\u00e7\u00e3o no mercado interno (antes, estavam limitadas a 20%), desde que pagando os tributos normais incidentes na opera\u00e7\u00e3o e <\/span><span class=\"s8\">os tributos suspensos quando da importa\u00e7\u00e3o ou aquisi\u00e7\u00e3o no mercado interno de insumos, acrescidos de juros e multa de mora, na forma da lei.<\/span><span class=\"s8\"> As empresas poder\u00e3o optar pelo pagamento dos tributos quando da importa\u00e7\u00e3o ou aquisi\u00e7\u00e3o no mercado interno de insumos, evitando, dessa forma, a cobran\u00e7a de juros e multa de mora;<\/span><\/p>\n<p class=\"s7\"><span class=\"s8\">\u2022 As empresas implantadas em ZPE localizada nas \u00e1reas da SUDAM, da SUDENE ou da SUDECO t\u00eam direito a<\/span><span class=\"s8\">os<\/span><span class=\"s8\"> diversos incentivos administrados por essas autarquias, sendo o mais importante deles a redu\u00e7\u00e3o de 75% do Imposto de Renda<\/span><span class=\"s8\"> (IR) <\/span><span class=\"s8\">pelo prazo de 10 anos;<\/span><\/p>\n<p class=\"s7\"><span class=\"s8\">\u2022 As empresas gozam de \u201cliberdade cambial\u201d, no sentido de que podem manter no exterior, permanentemente, 100% das divisas obtidas nas suas exporta\u00e7\u00f5es<\/span><span class=\"s8\"> (f<\/span><span class=\"s8\">ora das <\/span><span class=\"s8\">ZPEs<\/span><span class=\"s8\">, essa faculdade n\u00e3o \u00e9 garantida em lei, dependendo de resolu\u00e7\u00e3o do Conselho Monet\u00e1rio Nacional<\/span><span class=\"s8\">)<\/span><span class=\"s8\">;<\/span><\/p>\n<p class=\"s7\"><span class=\"s8\">\u2022 Nas suas importa\u00e7\u00f5es e exporta\u00e7\u00f5es, as empresas est\u00e3o dispensadas de licen\u00e7as ou autoriza\u00e7\u00f5es de \u00f3rg\u00e3os federais, que n\u00e3o <\/span><span class=\"s8\">est<\/span><span class=\"s8\">ejam <\/span><span class=\"s8\">relacionados com os<\/span><span class=\"s8\"> controles de ordem sanit\u00e1ria, de interesse da seguran\u00e7a nacional ou de prote\u00e7\u00e3o ao meio ambiente;<\/span><\/p>\n<p class=\"s7\"><span class=\"s8\">\u2022 Os tratamentos fiscal, cambial e administrativo resumidos acima est\u00e3o assegurados pelo prazo de 20 anos<\/span><span class=\"s8\"> (antes, o prazo era <\/span><span class=\"s8\">de <\/span><span class=\"s8\">\u201cat\u00e9\u201d 20 anos)<\/span><span class=\"s8\">, <\/span><span class=\"s8\">que poder\u00e1 ser prorrogado por <\/span><span class=\"s8\">resolu\u00e7\u00e3o<\/span><span class=\"s8\"> do CZPE;<\/span><\/p>\n<p class=\"s7\"><span class=\"s8\">\u2022 Al\u00e9m disso, as empresas em ZPE tamb\u00e9m t\u00eam acesso aos seguintes benef\u00edcios dispon\u00edveis para <\/span><span class=\"s8\">as demais empresas<\/span><span class=\"s8\">, independentemente de estar<\/span><span class=\"s8\">em<\/span><span class=\"s8\"> localizada<\/span><span class=\"s8\">s<\/span><span class=\"s8\"> em ZPE<\/span><span class=\"s8\">,<\/span><span class=\"s8\"> ou n\u00e3o: redu\u00e7\u00e3o a zero do IR sobre remessas para promo\u00e7\u00e3o comercial no <\/span><span class=\"s8\">exterior; prefer\u00eancia nas compras governamentais de bens e servi\u00e7os de inform\u00e1tica e automa\u00e7\u00e3o; isen\u00e7\u00e3o e manuten\u00e7\u00e3o de cr\u00e9dito de IPI e deprecia\u00e7\u00e3o acelerada para equipamentos, m\u00e1quinas, aparelhos e instrumentos novos; e v\u00e1rios benef\u00edcios (deprecia\u00e7\u00e3o integral, redu\u00e7\u00e3o de IR sobre remessas para registro de marcas etc.) para as empresas que atuarem em pesquisa e desenvolvimento e inova\u00e7\u00e3o tecnol\u00f3gica.<\/span><\/p>\n<p class=\"s7\"><span class=\"s8\">Al\u00e9m da flexibiliza\u00e7\u00e3o das vendas no mercado interno, a Lei 14<\/span><span class=\"s8\">.<\/span><span class=\"s8\">184\/2021 introduziu uma mudan\u00e7a fundamental para ampliar o escopo <\/span><span class=\"s8\">e a atratividade <\/span><span class=\"s8\">do regime das <\/span><span class=\"s8\">ZPEs<\/span><span class=\"s8\">: permitiu que empresas de servi\u00e7os tamb\u00e9m possam se beneficiar do mecanismo (que, antes, s\u00f3 estava dispon\u00edvel para empresas industriais).<\/span><\/p>\n<p class=\"s7\"><span class=\"s8\">A <\/span><span class=\"s8\">nova <\/span><span class=\"s8\">Lei relaciona nove tipos de servi\u00e7os (tais como tecnologia da informa\u00e7\u00e3o, engenharia e arquitetura, tratamento de \u00e1gua e efluentes, transporte de carga etc.) e deixa em aberto a possibilidade de serem autorizados outros tipos de servi\u00e7os <\/span><span class=\"s8\">por mera resolu\u00e7\u00e3o do Conselho Nacional de <\/span><span class=\"s8\">ZPEs<\/span><span class=\"s8\">. Estes servi\u00e7os dever\u00e3o ser exportados.<\/span><\/p>\n<p class=\"s7\"><span class=\"s8\">Al\u00e9m do avan\u00e7o representado pela flexibiliza\u00e7\u00e3o das vendas no mercado interno e a inclus\u00e3o dos servi\u00e7os, a Lei 14.184\/2021 trouxe <\/span><span class=\"s8\">alguns aperfei\u00e7oamentos importantes, tais como: <\/span><span class=\"s8\">a \u00e1rea da ZPE <\/span><span class=\"s8\">poder\u00e1 ser<\/span><span class=\"s8\"> descont\u00ednua, <\/span><span class=\"s8\">por\u00e9m <\/span><span class=\"s8\">limitada \u00e0 dist\u00e2ncia de 30km; entes privados po<\/span><span class=\"s8\">der\u00e3o<\/span><span class=\"s8\"> propor a cria\u00e7\u00e3o de ZPE (antes, s\u00f3 Estados e\/ou Munic\u00edpios poderiam tomar essa iniciativa); o alfandegamento fica restrito \u00e0 \u00c1rea de Despacho Aduaneiro<\/span><span class=\"s8\"> (onde ficam a Aduana e os demais \u00f3rg\u00e3os intervenientes)<\/span><span class=\"s8\">, e n\u00e3o mais \u00e0 totalidade do per\u00edmetro da ZPE, o que reduz significativamente o custo de implanta\u00e7\u00e3o <\/span><span class=\"s8\">do empreendimento<\/span><span class=\"s8\">;<\/span><span class=\"s8\"> as empresas poder\u00e3o criar unidades de apoio administrativo fora da ZPE; <\/span><span class=\"s8\">poder\u00e3o tamb\u00e9m autorizar a instala\u00e7\u00e3o de prestadoras de servi\u00e7os (sem os benef\u00edcios do regime) que contribuam para otimizar a opera\u00e7\u00e3o ou proporcionar comodidade \u00e0s pessoas que circulam na \u00e1rea.<\/span><\/p>\n<p class=\"s7\"><span class=\"s8\">Na esfera<\/span><span class=\"s8\"> dos Governos Estaduais, as empresas em ZPE pode<\/span><span class=\"s8\">r\u00e3o<\/span><span class=\"s8\"> se beneficiar ainda da isen\u00e7\u00e3o do ICMS nas importa\u00e7\u00f5es e nas compras no mercado interno. O Conv\u00eanio ICMS 99\/1998 do CONFAZ (alterado pelo Conv\u00eanio ICMS 119\/2011) autoriza os Estados a isentar do ICMS as sa\u00eddas internas destinadas aos estabelecimentos localizados em ZPE; a entrada de mercadorias ou bens importados do exterior; e a presta\u00e7\u00e3o do servi\u00e7o de transporte de mercadorias ou bens entre a ZPE e os locais de embarque\/desembarque, conforme o caso.<\/span><\/p>\n<p class=\"s7\"><span class=\"s8\">J\u00e1 o Conv\u00eanio ICMS 97\/2012 autoriza os Estados a isentar\u00a0a cobran\u00e7a do diferencial de al\u00edquota<\/span><span class=\"s8\"> (a parcela que caber\u00e1 ao Estado de destino)<\/span><span class=\"s8\">, incidente nas transa\u00e7\u00f5es <\/span><span class=\"s8\">interestaduais envolvendo bens de capital. V\u00e1rios Estados j\u00e1 incorporaram estes dispositivos ao seu Regulamento de ICMS.<\/span><\/p>\n<p class=\"s7\"><span class=\"s8\">Na <\/span><span class=\"s8\">\u00e1rea<\/span><span class=\"s8\"> dos Governos Municipais, a tend\u00eancia \u00e9 no sentido da isen\u00e7\u00e3o do IPTU das empresas instaladas em ZPE neles localizadas, por um determinado <\/span><span class=\"s8\">per\u00edodo<\/span> <span class=\"s8\">de tempo<\/span><span class=\"s8\">.<\/span><span class=\"s8\">Como os servi\u00e7os em ZPE s\u00f3 ser\u00e3o exportados, e essa atividade \u00e9 imune, pela Constitui\u00e7\u00e3o Federal, n\u00e3o se coloca a quest\u00e3o de se pleitear tratamento preferencial com rela\u00e7\u00e3o ao ISS.<\/span><\/p>\n<p dir=\"ltr\">Ver detalhes desses incentivos na p\u00e1gina de &#8220;Legisla\u00e7\u00e3o&#8221;.<\/p>\n<hr \/>\n<p style=\"text-align: center;\"><a href=\"http:\/\/www.abrazpe.org.br\/index.php\/associacao\/\">Associe-se<\/a><\/p>\n<hr \/>\n","protected":false},"excerpt":{"rendered":"<p><small> 6 minutos<\/small> Conceito As Zonas de Processamento de Exporta\u00e7\u00e3o (ZPEs) s\u00e3o distritos industriais incentivados, onde as empresas neles localizadas operam com suspens\u00e3o de tributos, liberdade cambial\u00a0(podem manter no exterior, permanentemente, as divisas obtidas nas exporta\u00e7\u00f5es) e procedimentos administrativos simplificados. Quando as ZPEs passaram a ser mais largamente utilizadas, sobretudo a partir da d\u00e9cada de 70 do s\u00e9culo passado, elas se destinavam exclusivamente \u00e0 instala\u00e7\u00e3o de empresas industriais, cuja produ\u00e7\u00e3o era destinada preponderantemente ao exterior.\u00a0Com o passar dos anos, os pa\u00edses foram se dando conta <a href=\"https:\/\/www.abrazpe.org.br\/index.php\/oprograma\/\" class=\"more-link\"><span>Continue lendo<\/span>\u2192<\/a><\/p>\n","protected":false},"author":3,"featured_media":0,"parent":0,"menu_order":0,"comment_status":"closed","ping_status":"closed","template":"","meta":{"footnotes":""},"class_list":["entry","author-adm_fb2018","post-14","page","type-page","status-publish"],"_links":{"self":[{"href":"https:\/\/www.abrazpe.org.br\/index.php\/wp-json\/wp\/v2\/pages\/14","targetHints":{"allow":["GET"]}}],"collection":[{"href":"https:\/\/www.abrazpe.org.br\/index.php\/wp-json\/wp\/v2\/pages"}],"about":[{"href":"https:\/\/www.abrazpe.org.br\/index.php\/wp-json\/wp\/v2\/types\/page"}],"author":[{"embeddable":true,"href":"https:\/\/www.abrazpe.org.br\/index.php\/wp-json\/wp\/v2\/users\/3"}],"replies":[{"embeddable":true,"href":"https:\/\/www.abrazpe.org.br\/index.php\/wp-json\/wp\/v2\/comments?post=14"}],"version-history":[{"count":16,"href":"https:\/\/www.abrazpe.org.br\/index.php\/wp-json\/wp\/v2\/pages\/14\/revisions"}],"predecessor-version":[{"id":5682,"href":"https:\/\/www.abrazpe.org.br\/index.php\/wp-json\/wp\/v2\/pages\/14\/revisions\/5682"}],"wp:attachment":[{"href":"https:\/\/www.abrazpe.org.br\/index.php\/wp-json\/wp\/v2\/media?parent=14"}],"curies":[{"name":"wp","href":"https:\/\/api.w.org\/{rel}","templated":true}]}}